{"id":111054,"date":"2024-12-03T20:14:47","date_gmt":"2024-12-03T23:14:47","guid":{"rendered":"https:\/\/pconeargentina.com.ar\/?post_type=product&#038;p=111054"},"modified":"2026-05-14T10:26:27","modified_gmt":"2026-05-14T13:26:27","slug":"note-x-one-ubook-13-1-2g-320gb","status":"publish","type":"product","link":"https:\/\/pconeargentina.com.ar\/?product=note-x-one-ubook-13-1-2g-320gb","title":{"rendered":"MESH TENDA NOVA AC1200 PACKX2"},"content":{"rendered":"<p>Replicador de se\u00f1al Wifi Tenda Nova MW6G AC1200 WH 2GB &#8211; 2Pack para el hogar<\/p>\n<p>Wave 2.0 MU-MIMO + Tecnolog\u00eda de formaci\u00f3n de haces<br \/>\nImpulsado por la tecnolog\u00eda de vanguardia Wave 2.0 MU-MIMO, nova puede comunicarse con m\u00faltiples dispositivos inal\u00e1mbricos al mismo tiempo y supera significativamente a los enrutadores tradicionales en eficiencia de comunicaci\u00f3n. Tambi\u00e9n viene con tecnolog\u00eda Beamforming para enfocar la potencia de transmisi\u00f3n en dispositivos inal\u00e1mbricos para una mejor intensidad de la se\u00f1al<\/p>\n<p>Optimizaci\u00f3n autom\u00e1tica de la red para mantenerte en l\u00ednea<br \/>\nUna red tradicional no puede volver a conectarse cuando se pierde la se\u00f1al. Eso no ser\u00e1 un problema con nova, ya que mantiene autom\u00e1ticamente el estado de su red. Entonces, si se desconecta una nova, se volver\u00e1 a conectar a una nova disponible para mantenerte en l\u00ednea.<\/p>\n<p>Plug and Play,<br \/>\nuna forma sencilla de establecer redes en todo el hogar<br \/>\nDesde la caja, las unidades nova llegan pre emparejadas entre s\u00ed. Simplemente conecte los cables y deje todo lo dem\u00e1s en manos de Nova.<\/p>\n<p>Vea lo que est\u00e1 pasando con la aplicaci\u00f3n Tenda Wi-Fi<br \/>\nPon todo bajo tu control. Puedes monitorear tu nova mientras est\u00e1s fuera usando la aplicaci\u00f3n Tenda Wi-Fi. La aplicaci\u00f3n te ayuda a personalizar y administrar tu red, como el acceso de usuarios y los controles parentales.<\/p>\n<p>El centro de tu hogar inteligente<br \/>\nNova puede conectarse simult\u00e1neamente desde m\u00faltiples dispositivos y tambi\u00e9n funciona con Alexa para controlar sus dispositivos compatibles.<\/p>\n<p>Especificaciones<br \/>\n&#8211; Frecuencias:: 2,4-2,4835GHz &#8211; 5,15-5,25GHz &#8211; 5,725-5,85GHz<br \/>\n&#8211; Temperatura de funcionamiento: 0-40\u00b0 C<br \/>\n&#8211; N\u00famero de certificado de seguridad el\u00e9ctrica: CE, FCC, RoHS, EAC, IC<br \/>\n&#8211; Est\u00e1ndares IEEE: IEEE 802.3, IEEE 802.3u, IEEE 802.4ab<br \/>\n&#8211; Protocolos de seguridad: WPA-PSK\/WPA2-PSK (predeterminado<\/p>\n","protected":false},"excerpt":{"rendered":"<p>Replicador de se\u00f1al Wifi Tenda Nova MW6G AC1200 WH 2GB &#8211; 2Pack para el hogar Wave 2.0 MU-MIMO + Tecnolog\u00eda de formaci\u00f3n de haces Impulsado por la tecnolog\u00eda de vanguardia Wave 2.0 MU-MIMO, nova puede comunicarse con m\u00faltiples dispositivos inal\u00e1mbricos al mismo tiempo y supera significativamente a los enrutadores tradicionales en eficiencia de comunicaci\u00f3n. Tambi\u00e9n viene con tecnolog\u00eda Beamforming para enfocar la potencia de transmisi\u00f3n en dispositivos inal\u00e1mbricos para una mejor intensidad de la se\u00f1al Optimizaci\u00f3n autom\u00e1tica de la red para mantenerte en l\u00ednea Una red tradicional no puede volver a conectarse cuando se pierde la se\u00f1al. Eso no ser\u00e1 un problema con nova, ya que mantiene autom\u00e1ticamente el estado de su red. Entonces, si se desconecta una nova, se volver\u00e1 a conectar a una nova disponible para mantenerte en l\u00ednea. Plug and Play, una forma sencilla de establecer redes en todo el hogar Desde la caja, las unidades nova llegan pre emparejadas entre s\u00ed. Simplemente conecte los cables y deje todo lo dem\u00e1s en manos de Nova. Vea lo que est\u00e1 pasando con la aplicaci\u00f3n Tenda Wi-Fi Pon todo bajo tu control. Puedes monitorear tu nova mientras est\u00e1s fuera usando la aplicaci\u00f3n Tenda Wi-Fi. La aplicaci\u00f3n te ayuda a personalizar y administrar tu red, como el acceso de usuarios y los controles parentales. El centro de tu hogar inteligente Nova puede conectarse simult\u00e1neamente desde m\u00faltiples dispositivos y tambi\u00e9n funciona con Alexa para controlar sus dispositivos compatibles. Especificaciones &#8211; Frecuencias:: 2,4-2,4835GHz &#8211; 5,15-5,25GHz &#8211; 5,725-5,85GHz &#8211; Temperatura de funcionamiento: 0-40\u00b0 C &#8211; N\u00famero de certificado de seguridad el\u00e9ctrica: CE, FCC, RoHS, EAC, IC &#8211; Est\u00e1ndares IEEE: IEEE 802.3, IEEE 802.3u, IEEE 802.4ab &#8211; Protocolos de seguridad: WPA-PSK\/WPA2-PSK (predeterminado<\/p>\n","protected":false},"featured_media":112958,"template":"","meta":{"site-sidebar-layout":"default","site-content-layout":"","ast-site-content-layout":"default","site-content-style":"default","site-sidebar-style":"default","ast-global-header-display":"","ast-banner-title-visibility":"","ast-main-header-display":"","ast-hfb-above-header-display":"","ast-hfb-below-header-display":"","ast-hfb-mobile-header-display":"","site-post-title":"","ast-breadcrumbs-content":"","ast-featured-img":"","footer-sml-layout":"","ast-disable-related-posts":"","theme-transparent-header-meta":"default","adv-header-id-meta":"","stick-header-meta":"","header-above-stick-meta":"","header-main-stick-meta":"","header-below-stick-meta":"","astra-migrate-meta-layouts":"set","ast-page-background-enabled":"default","ast-page-background-meta":{"desktop":{"background-color":"var(--ast-global-color-4)","background-image":"","background-repeat":"repeat","background-position":"center center","background-size":"auto","background-attachment":"scroll","background-type":"","background-media":"","overlay-type":"","overlay-color":"","overlay-opacity":"","overlay-gradient":""},"tablet":{"background-color":"","background-image":"","background-repeat":"repeat","background-position":"center center","background-size":"auto","background-attachment":"scroll","background-type":"","background-media":"","overlay-type":"","overlay-color":"","overlay-opacity":"","overlay-gradient":""},"mobile":{"background-color":"","background-image":"","background-repeat":"repeat","background-position":"center center","background-size":"auto","background-attachment":"scroll","background-type":"","background-media":"","overlay-type":"","overlay-color":"","overlay-opacity":"","overlay-gradient":""}},"ast-content-background-meta":{"desktop":{"background-color":"var(--ast-global-color-5)","background-image":"","background-repeat":"repeat","background-position":"center center","background-size":"auto","background-attachment":"scroll","background-type":"","background-media":"","overlay-type":"","overlay-color":"","overlay-opacity":"","overlay-gradient":""},"tablet":{"background-color":"var(--ast-global-color-5)","background-image":"","background-repeat":"repeat","background-position":"center center","background-size":"auto","background-attachment":"scroll","background-type":"","background-media":"","overlay-type":"","overlay-color":"","overlay-opacity":"","overlay-gradient":""},"mobile":{"background-color":"var(--ast-global-color-5)","background-image":"","background-repeat":"repeat","background-position":"center center","background-size":"auto","background-attachment":"scroll","background-type":"","background-media":"","overlay-type":"","overlay-color":"","overlay-opacity":"","overlay-gradient":""}}},"product_brand":[],"product_cat":[337],"product_tag":[],"class_list":{"0":"post-111054","1":"product","2":"type-product","3":"status-publish","4":"has-post-thumbnail","6":"product_cat-varios","7":"desktop-align-left","8":"tablet-align-left","9":"mobile-align-left","11":"first","12":"instock","13":"taxable","14":"shipping-taxable","15":"purchasable","16":"product-type-simple"},"aioseo_notices":[],"_links":{"self":[{"href":"https:\/\/pconeargentina.com.ar\/index.php?rest_route=\/wp\/v2\/product\/111054","targetHints":{"allow":["GET"]}}],"collection":[{"href":"https:\/\/pconeargentina.com.ar\/index.php?rest_route=\/wp\/v2\/product"}],"about":[{"href":"https:\/\/pconeargentina.com.ar\/index.php?rest_route=\/wp\/v2\/types\/product"}],"version-history":[{"count":10,"href":"https:\/\/pconeargentina.com.ar\/index.php?rest_route=\/wp\/v2\/product\/111054\/revisions"}],"predecessor-version":[{"id":125089,"href":"https:\/\/pconeargentina.com.ar\/index.php?rest_route=\/wp\/v2\/product\/111054\/revisions\/125089"}],"wp:featuredmedia":[{"embeddable":true,"href":"https:\/\/pconeargentina.com.ar\/index.php?rest_route=\/wp\/v2\/media\/112958"}],"wp:attachment":[{"href":"https:\/\/pconeargentina.com.ar\/index.php?rest_route=%2Fwp%2Fv2%2Fmedia&parent=111054"}],"wp:term":[{"taxonomy":"product_brand","embeddable":true,"href":"https:\/\/pconeargentina.com.ar\/index.php?rest_route=%2Fwp%2Fv2%2Fproduct_brand&post=111054"},{"taxonomy":"product_cat","embeddable":true,"href":"https:\/\/pconeargentina.com.ar\/index.php?rest_route=%2Fwp%2Fv2%2Fproduct_cat&post=111054"},{"taxonomy":"product_tag","embeddable":true,"href":"https:\/\/pconeargentina.com.ar\/index.php?rest_route=%2Fwp%2Fv2%2Fproduct_tag&post=111054"}],"curies":[{"name":"wp","href":"https:\/\/api.w.org\/{rel}","templated":true}]}}