{"id":111310,"date":"2024-12-03T20:15:58","date_gmt":"2024-12-03T23:15:58","guid":{"rendered":"https:\/\/pconeargentina.com.ar\/?post_type=product&#038;p=111310"},"modified":"2026-05-14T10:26:43","modified_gmt":"2026-05-14T13:26:43","slug":"celular-iphone-8-plus-64gb","status":"publish","type":"product","link":"https:\/\/pconeargentina.com.ar\/?product=celular-iphone-8-plus-64gb","title":{"rendered":"TONER HP 105 CHIP OEM"},"content":{"rendered":"<h3 class=\"\" data-start=\"239\" data-end=\"273\"><strong data-start=\"243\" data-end=\"273\">T\u00f3ner HP 105A con Chip OEM<\/strong><\/h3>\n<p class=\"\" data-start=\"275\" data-end=\"521\">T\u00f3ner monocrom\u00e1tico HP 105A (c\u00f3digo W1105A) con chip OEM integrado, dise\u00f1ado para un rendimiento confiable y compatibilidad total con impresoras HP Laser. Garantiza una calidad de impresi\u00f3n uniforme y seguimiento del nivel de t\u00f3ner por el equipo.<\/p>\n<p class=\"\" data-start=\"523\" data-end=\"552\"><strong data-start=\"523\" data-end=\"552\">Caracter\u00edsticas T\u00e9cnicas:<\/strong><\/p>\n<ul data-start=\"554\" data-end=\"834\">\n<li class=\"\" data-start=\"554\" data-end=\"605\">\n<p class=\"\" data-start=\"556\" data-end=\"605\"><strong data-start=\"556\" data-end=\"574\">Tipo de t\u00f3ner:<\/strong> Negro (monocrom\u00e1tico, l\u00e1ser)<\/p>\n<\/li>\n<li class=\"\" data-start=\"606\" data-end=\"669\">\n<p class=\"\" data-start=\"608\" data-end=\"669\"><strong data-start=\"608\" data-end=\"617\">Chip:<\/strong> OEM (Original Equipment Manufacturer) incorporado<\/p>\n<\/li>\n<li class=\"\" data-start=\"670\" data-end=\"735\">\n<p class=\"\" data-start=\"672\" data-end=\"735\"><strong data-start=\"672\" data-end=\"697\">Rendimiento estimado:<\/strong> ~1.000 p\u00e1ginas (al 5% de cobertura)<\/p>\n<\/li>\n<li class=\"\" data-start=\"736\" data-end=\"762\">\n<p class=\"\" data-start=\"738\" data-end=\"762\"><strong data-start=\"738\" data-end=\"753\">C\u00f3digo OEM:<\/strong> W1105A<\/p>\n<\/li>\n<li class=\"\" data-start=\"763\" data-end=\"834\">\n<p class=\"\" data-start=\"765\" data-end=\"834\"><strong data-start=\"765\" data-end=\"784\">Compatibilidad:<\/strong> HP Laser 107a \/ 107w \/ MFP 135a \/ 135w \/ 137fnw<\/p>\n<\/li>\n<\/ul>\n","protected":false},"excerpt":{"rendered":"<p>T\u00f3ner HP 105A con Chip OEM T\u00f3ner monocrom\u00e1tico HP 105A (c\u00f3digo W1105A) con chip OEM integrado, dise\u00f1ado para un rendimiento confiable y compatibilidad total con impresoras HP Laser. Garantiza una calidad de impresi\u00f3n uniforme y seguimiento del nivel de t\u00f3ner por el equipo. Caracter\u00edsticas T\u00e9cnicas: Tipo de t\u00f3ner: Negro (monocrom\u00e1tico, l\u00e1ser) Chip: OEM (Original Equipment Manufacturer) incorporado Rendimiento estimado: ~1.000 p\u00e1ginas (al 5% de cobertura) C\u00f3digo OEM: W1105A Compatibilidad: HP Laser 107a \/ 107w \/ MFP 135a \/ 135w \/ 137fnw<\/p>\n","protected":false},"featured_media":113467,"template":"","meta":{"site-sidebar-layout":"default","site-content-layout":"","ast-site-content-layout":"default","site-content-style":"default","site-sidebar-style":"default","ast-global-header-display":"","ast-banner-title-visibility":"","ast-main-header-display":"","ast-hfb-above-header-display":"","ast-hfb-below-header-display":"","ast-hfb-mobile-header-display":"","site-post-title":"","ast-breadcrumbs-content":"","ast-featured-img":"","footer-sml-layout":"","ast-disable-related-posts":"","theme-transparent-header-meta":"default","adv-header-id-meta":"","stick-header-meta":"","header-above-stick-meta":"","header-main-stick-meta":"","header-below-stick-meta":"","astra-migrate-meta-layouts":"set","ast-page-background-enabled":"default","ast-page-background-meta":{"desktop":{"background-color":"var(--ast-global-color-4)","background-image":"","background-repeat":"repeat","background-position":"center center","background-size":"auto","background-attachment":"scroll","background-type":"","background-media":"","overlay-type":"","overlay-color":"","overlay-opacity":"","overlay-gradient":""},"tablet":{"background-color":"","background-image":"","background-repeat":"repeat","background-position":"center center","background-size":"auto","background-attachment":"scroll","background-type":"","background-media":"","overlay-type":"","overlay-color":"","overlay-opacity":"","overlay-gradient":""},"mobile":{"background-color":"","background-image":"","background-repeat":"repeat","background-position":"center center","background-size":"auto","background-attachment":"scroll","background-type":"","background-media":"","overlay-type":"","overlay-color":"","overlay-opacity":"","overlay-gradient":""}},"ast-content-background-meta":{"desktop":{"background-color":"var(--ast-global-color-5)","background-image":"","background-repeat":"repeat","background-position":"center center","background-size":"auto","background-attachment":"scroll","background-type":"","background-media":"","overlay-type":"","overlay-color":"","overlay-opacity":"","overlay-gradient":""},"tablet":{"background-color":"var(--ast-global-color-5)","background-image":"","background-repeat":"repeat","background-position":"center center","background-size":"auto","background-attachment":"scroll","background-type":"","background-media":"","overlay-type":"","overlay-color":"","overlay-opacity":"","overlay-gradient":""},"mobile":{"background-color":"var(--ast-global-color-5)","background-image":"","background-repeat":"repeat","background-position":"center center","background-size":"auto","background-attachment":"scroll","background-type":"","background-media":"","overlay-type":"","overlay-color":"","overlay-opacity":"","overlay-gradient":""}}},"product_brand":[],"product_cat":[457,470],"product_tag":[],"class_list":{"0":"post-111310","1":"product","2":"type-product","3":"status-publish","4":"has-post-thumbnail","6":"product_cat-electronica","7":"product_cat-telefonos-celulares-2","8":"desktop-align-left","9":"tablet-align-left","10":"mobile-align-left","12":"first","13":"instock","14":"taxable","15":"shipping-taxable","16":"purchasable","17":"product-type-simple"},"aioseo_notices":[],"_links":{"self":[{"href":"https:\/\/pconeargentina.com.ar\/index.php?rest_route=\/wp\/v2\/product\/111310","targetHints":{"allow":["GET"]}}],"collection":[{"href":"https:\/\/pconeargentina.com.ar\/index.php?rest_route=\/wp\/v2\/product"}],"about":[{"href":"https:\/\/pconeargentina.com.ar\/index.php?rest_route=\/wp\/v2\/types\/product"}],"version-history":[{"count":11,"href":"https:\/\/pconeargentina.com.ar\/index.php?rest_route=\/wp\/v2\/product\/111310\/revisions"}],"predecessor-version":[{"id":125257,"href":"https:\/\/pconeargentina.com.ar\/index.php?rest_route=\/wp\/v2\/product\/111310\/revisions\/125257"}],"wp:featuredmedia":[{"embeddable":true,"href":"https:\/\/pconeargentina.com.ar\/index.php?rest_route=\/wp\/v2\/media\/113467"}],"wp:attachment":[{"href":"https:\/\/pconeargentina.com.ar\/index.php?rest_route=%2Fwp%2Fv2%2Fmedia&parent=111310"}],"wp:term":[{"taxonomy":"product_brand","embeddable":true,"href":"https:\/\/pconeargentina.com.ar\/index.php?rest_route=%2Fwp%2Fv2%2Fproduct_brand&post=111310"},{"taxonomy":"product_cat","embeddable":true,"href":"https:\/\/pconeargentina.com.ar\/index.php?rest_route=%2Fwp%2Fv2%2Fproduct_cat&post=111310"},{"taxonomy":"product_tag","embeddable":true,"href":"https:\/\/pconeargentina.com.ar\/index.php?rest_route=%2Fwp%2Fv2%2Fproduct_tag&post=111310"}],"curies":[{"name":"wp","href":"https:\/\/api.w.org\/{rel}","templated":true}]}}